ime factors of 873273422.
2, 7, 3499, 17827
What are the prime factors of 548580791?
11, 29, 67, 25667
List the prime factors of 1155476816.
2, 13, 5555177
List the prime factors of 4742411564.
2, 11, 890761
What are the prime factors of 3314560809?
3, 7, 211, 748039
List the prime factors of 54455768.
2, 6806971
List the prime factors of 1504625.
5, 12037
List the prime factors of 4645436.
2, 1009, 1151
List the prime factors of 50129760.
2, 3, 5, 181, 577
What are the prime factors of 9744262?
2, 11, 53, 61, 137
List the prime factors of 528156840.
2, 3, 5, 331, 13297
List the prime factors of 127522378.
2, 63761189
What are the prime factors of 8164608825?
3, 5, 97, 1122283
What are the prime factors of 1096130134?
2, 11, 49824097
List the prime factors of 119900373.
3, 181, 220811
List the prime factors of 319679464.
2, 13, 53, 59, 983
What are the prime factors of 4890531250?
2, 5, 11, 41, 347
List the prime factors of 232069419.
3, 25785491
What are the prime factors of 1221611332?
2, 1291, 236563
List the prime factors of 2365680555.
3, 5, 7, 67, 239
What are the prime factors of 23707670?
2, 5, 7, 48383
List the prime factors of 2123769120.
2, 3, 5, 11, 241, 1669
List the prime factors of 118869556.
2, 13, 2285953
List the prime factors of 10275439.
2083, 4933
What are the prime factors of 1213933950?
2, 3, 5, 223, 12097
What are the prime factors of 47676457?
5749, 8293
List the prime factors of 68726174.
2, 11, 547, 5711
List the prime factors of 2466276528.
2, 3, 113, 223, 2039
List the prime factors of 1434683914.
2, 717341957
What are the prime factors of 45087496?
2, 331, 17027
List the prime factors of 315481814.
2, 19, 8302153
What are the prime factors of 15138148?
2, 193, 19609
List the prime factors of 107849481.
3, 35949827
List the prime factors of 136118293.
877, 155209
What are the prime factors of 750760372?
2, 187690093
List the prime factors of 246499923.
3, 82166641
What are the prime factors of 104405832?
2, 3, 23, 67, 941
List the prime factors of 136238329.
37, 3682117
What are the prime factors of 12745682?
2, 17, 229, 1637
List the prime factors of 528685438.
2, 264342719
What are the prime factors of 139876940?
2, 5, 7, 191, 5231
List the prime factors of 1057701503.
389, 2719027
List the prime factors of 50701588.
2, 7, 1810771
What are the prime factors of 39989130?
2, 3, 5, 241, 5531
What are the prime factors of 3385790884?
2, 7, 6829, 17707
List the prime factors of 2012840410.
2, 5, 7, 29, 991547
List the prime factors of 1446592270.
2, 5, 1453, 99559
List the prime factors of 407425098.
2, 3, 53, 1281211
List the prime factors of 11882891.
1361, 8731
List the prime factors of 36096739.
7, 241, 21397
What are the prime factors of 21867207?
3, 101, 72169
List the prime factors of 84453304.
2, 13, 812051
What are the prime factors of 1466718929?
13, 6563, 17191
What are the prime factors of 72273787?
72273787
What are the prime factors of 331679010?
2, 3, 5, 13, 17, 19, 2633
List the prime factors of 1154323918.
2, 11, 107, 490367
List the prime factors of 3864328173.
3, 429369797
What are the prime factors of 82129591?
3037, 27043
What are the prime factors of 218449536?
2, 3, 19, 79, 379
List the prime factors of 95683288.
2, 11960411
List the prime factors of 4052086785.
3, 5, 41, 89, 24677
List the prime factors of 458187964.
2, 13, 19, 463753
What are the prime factors of 1316986851?
3, 1213, 361909
What are the prime factors of 436082662?
2, 2647, 82373
What are the prime factors of 1024023354?
2, 3, 19, 199, 45139
What are the prime factors of 3726091781?
3726091781
What are the prime factors of 1029717189?
3, 71, 1611451
List the prime factors of 38352374.
2, 17, 19, 59369
What are the prime factors of 295108377?
3, 23, 4276933
List the prime factors of 1479527570.
2, 5, 47, 1553, 2027
What are the prime factors of 28756767?
3, 13, 737353
What are the prime factors of 82385575?
5, 523, 6301
What are the prime factors of 4630488167?
283, 16362149
List the prime factors of 87117936.
2, 3, 31, 127, 461
What are the prime factors of 370894246?
2, 311, 596293
What are the prime factors of 133678531?
7, 17, 1123349
List the prime factors of 4584064881.
3, 11, 101, 1375357
List the prime factors of 760269955.
5, 443, 343237
What are the prime factors of 219455937?
3, 3931, 6203
List the prime factors of 100264597.
100264597
List the prime factors of 34304706.
2, 3, 613, 3109
What are the prime factors of 3187836062?
2, 1593918031
List the prime factors of 162088916.
2, 11, 3683839
List the prime factors of 1714864990.
2, 5, 171486499
What are the prime factors of 2808736975?
5, 11, 1451, 7039
List the prime factors of 5101853482.
2, 11, 193, 1201567
What are the prime factors of 5773697374?
2, 2886848687
List the prime factors of 3035066522.
2, 23, 65979707
What are the prime factors of 176858730?
2, 3, 5, 23, 85439
List the prime factors of 11075091.
3, 31, 119087
List the prime factors of 971404756.
2, 7, 2143, 16189
List the prime factors of 170170115.
5, 29, 1173587
What are the prime factors of 968820332?
2, 242205083
What are the prime factors of 60453607?
60453607
What are the prime factors of 120347196?
2, 3, 43, 233231
What are the prime factors of 197166910?
2, 5, 19716691
List the prime factors of 915882459.
3, 305294153
What are the prime factors of 2084976159?
3, 7, 37, 227, 11821
List the prime factors of 173628367.
11, 43, 331, 1109
What are the prime factors of 3936980646?
2, 3, 72907049
List the prime factors of 97836475.
5, 11, 359, 991
List the prime factors of 54746165.
5, 181, 60493
What are the prime factors of 488238301?
163, 1459, 2053
What are the prime factors of 2833130101?
151, 1151, 16301
What are the prime factors of 3816718839?
3, 53, 163, 16363
What are the prime factors of 468050601?
3, 1061, 147047
List the prime factors of 76883498.
2, 38441749
What are the prime factors of 72993361?
7, 997, 10459
List the prime factors of 23908977.
3, 2656553
List the prime factors of 336760072.
2, 11, 17, 229, 983
List the prime factors of 142072338.
2, 3, 23678723
List the prime factors of 48520622.
2, 103, 235537
What are the prime factors of 971290952?
2, 2389, 50821
What are the prime factors of 1294979828?
2, 17, 863, 22067
List the prime factors of 7044070875.
3, 5, 127, 353, 419
List the prime factors of 124934572.
2, 7, 653, 6833
List the prime factors of 236573680.
2, 5, 7, 422453
List the prime factors of 53147281.
11, 37, 67, 1949
List the prime factors of 115990576.
2, 13, 73, 7639
List the prime factors of 47594460.
2, 3, 5, 239, 3319
What are the prime factors of 49593313?
7, 11, 23, 41, 683
What are the prime factors of 159909217?
13, 43, 286063
List the prime factors of 38041366.
2, 11, 1729153
What are the prime factors of 221245395?
3, 5, 7, 17, 23, 317
List the prime factors of 34420864.
2, 268913
What are the prime factors of 660355883?
11, 73, 822361
What are the prime factors of 147004243?
147004243
What are the prime factors of 6598290612?
2, 3, 2003, 274517
What are the prime factors of 10867084?
2, 2716771
List the prime factors of 8139608.
2, 23, 31, 1427
List the prime factors of 1265974734.
2, 3, 17, 12411517
List the prime factors of 81492205.
5, 269, 60589
What are the prime factors of 74292153?
3, 13, 79, 24113
What are the prime factors of 2608964683?
13, 37, 127, 42709
List the prime factors of 57552438.
2, 3, 41, 179, 1307
List the prime factors of 675491887.
7, 359, 389, 691
List the prime factors of 129088246.
2, 7, 1317227
What are the prime factors of 327711676?
2, 151, 263, 2063
List the prime factors of 157859235.
3, 5, 23, 43, 3547
What are the prime factors of 283702868?
2, 17, 4172101
List the prime factors of 58475045.
5, 683, 17123
List the prime factors of 799554327.
3, 11, 13, 73, 211
What are the prime factors of 391117568?
2, 1527803
What are the prime factors of 20980886?
2, 10490443
What are the prime factors of 180735344?
2, 11295959
What are the prime factors of 1632250290?
2, 3, 5, 11, 19, 439, 593
What are the prime factors of 18634091?
7, 17, 156589
What are the prime factors of 995819782?
2, 229, 541, 4019
What are the prime factors of 163192327?
163192327
What are the prime factors of 367449930?
2, 3, 5, 19, 214883
What are 